2, 19, 6869
What are the prime factors of 9181202?
2, 953, 4817
What are the prime factors of 35616095?
5, 1721, 4139
List the prime factors of 591570.
2, 3, 5, 7, 313
List the prime factors of 162206.
2, 11, 73, 101
What are the prime factors of 88698?
2, 3, 14783
List the prime factors of 4832801.
4832801
List the prime factors of 2522215.
5, 67, 7529
List the prime factors of 5193645.
3, 5, 151, 2293
What are the prime factors of 4056070?
2, 5, 405607
What are the prime factors of 2406987?
3, 11, 41, 593
What are the prime factors of 6540827?
6540827
List the prime factors of 9085233.
3, 59, 51329
List the prime factors of 40542858.
2, 3, 17, 47, 2819
List the prime factors of 13603035.
3, 5, 906869
List the prime factors of 1425759.
3, 137, 3469
List the prime factors of 10561867.
1307, 8081
List the prime factors of 3535593.
3, 29, 40639
What are the prime factors of 1002288?
2, 3, 7, 19, 157
List the prime factors of 2845562.
2, 17, 127, 659
List the prime factors of 1065907.
977, 1091
What are the prime factors of 1436456?
2, 7, 113, 227
What are the prime factors of 452601?
3, 16763
What are the prime factors of 23766?
2, 3, 17, 233
List the prime factors of 148929.
3, 11, 4513
What are the prime factors of 196387?
196387
What are the prime factors of 7095505?
5, 643, 2207
What are the prime factors of 2966102?
2, 131, 11321
List the prime factors of 469041.
3, 156347
List the prime factors of 427567.
7, 17, 3593
List the prime factors of 5061359.
17, 297727
What are the prime factors of 5413746?
2, 3, 13, 19, 281
List the prime factors of 906357.
3, 19, 15901
List the prime factors of 2884078.
2, 107, 13477
What are the prime factors of 1287776?
2, 7, 5749
What are the prime factors of 923455?
5, 13, 14207
What are the prime factors of 981254?
2, 490627
List the prime factors of 2346878.
2, 1173439
What are the prime factors of 7911323?
7, 197, 5737
List the prime factors of 821737.
7, 89, 1319
What are the prime factors of 950372?
2, 59, 4027
List the prime factors of 33183347.
33183347
List the prime factors of 3895782.
2, 3, 11, 67, 881
List the prime factors of 15505628.
2, 43, 90149
What are the prime factors of 69400?
2, 5, 347
What are the prime factors of 829282?
2, 414641
List the prime factors of 601715.
5, 17, 7079
List the prime factors of 8815733.
283, 31151
What are the prime factors of 659884?
2, 199, 829
List the prime factors of 174253.
271, 643
What are the prime factors of 507083?
47, 10789
What are the prime factors of 27417044?
2, 2549, 2689
List the prime factors of 15905130.
2, 3, 5, 41, 67, 193
List the prime factors of 1085254.
2, 163, 3329
What are the prime factors of 2939563?
11, 267233
List the prime factors of 3801011.
3801011
What are the prime factors of 1545583?
13, 118891
What are the prime factors of 2076184?
2, 11, 23593
What are the prime factors of 27382356?
2, 3, 760621
What are the prime factors of 2712955?
5, 7, 77513
List the prime factors of 479388.
2, 3, 7, 13, 439
What are the prime factors of 4333201?
71, 61031
List the prime factors of 20105820.
2, 3, 5, 7, 197
What are the prime factors of 194885?
5, 38977
What are the prime factors of 845248?
2, 47, 281
List the prime factors of 2282588.
2, 7, 11, 7411
List the prime factors of 189454.
2, 94727
List the prime factors of 502054.
2, 7, 47, 109
What are the prime factors of 19110960?
2, 3, 5, 11, 19, 127
List the prime factors of 262249.
13, 20173
List the prime factors of 347314.
2, 11, 15787
What are the prime factors of 88370?
2, 5, 8837
What are the prime factors of 2272185?
3, 5, 16831
What are the prime factors of 79134?
2, 3, 11, 109
List the prime factors of 37296448.
2, 7, 1699
List the prime factors of 1679327.
13, 101, 1279
What are the prime factors of 239903?
127, 1889
List the prime factors of 222380.
2, 5, 11119
List the prime factors of 122635.
5, 24527
What are the prime factors of 27952205?
5, 37, 139, 1087
What are the prime factors of 582424?
2, 47, 1549
What are the prime factors of 204195?
3, 5, 13613
What are the prime factors of 177793?
7, 11, 2309
What are the prime factors of 858842?
2, 179, 2399
List the prime factors of 8690591.
7, 13, 1949
List the prime factors of 2501382.
2, 3, 13, 32069
What are the prime factors of 6634715?
5, 1326943
List the prime factors of 158886.
2, 3, 7, 13, 97
List the prime factors of 915889.
13, 47, 1499
List the prime factors of 10214972.
2, 701, 3643
What are the prime factors of 5471456?
2, 61, 2803
List the prime factors of 3526802.
2, 1763401
List the prime factors of 15592308.
2, 3, 1299359
What are the prime factors of 175948?
2, 43987
What are the prime factors of 14964?
2, 3, 29, 43
What are the prime factors of 460827?
3, 51203
What are the prime factors of 1050040?
2, 5, 26251
What are the prime factors of 20105589?
3, 7, 957409
What are the prime factors of 24422139?
3, 7, 79, 701
What are the prime factors of 1276642?
2, 31, 59, 349
What are the prime factors of 167769?
3, 7, 2663
List the prime factors of 2303827.
31, 74317
What are the prime factors of 4216009?
7, 139, 619
What are the prime factors of 3238525?
5, 281, 461
List the prime factors of 12624998.
2, 31, 157, 1297
What are the prime factors of 231033?
3, 11, 7001
List the prime factors of 9077432.
2, 7, 13, 37, 337
List the prime factors of 2576541.
3, 11, 163, 479
What are the prime factors of 1164678?
2, 3, 194113
List the prime factors of 6208062.
2, 3, 7, 147811
What are the prime factors of 63923?
97, 659
What are the prime factors of 1406701?
1406701
What are the prime factors of 14945170?
2, 5, 23, 181, 359
What are the prime factors of 743975?
5, 29759
What are the prime factors of 3057161?
17, 179833
What are the prime factors of 2570435?
5, 7, 271
What are the prime factors of 210608?
2, 13163
List the prime factors of 7328155.
5, 29, 50539
List the prime factors of 6544743.
3, 2181581
List the prime factors of 604116.
2, 3, 97, 173
List the prime factors of 296327.
17, 17431
List the prime factors of 125778.
2, 3, 20963
List the prime factors of 3950983.
1361, 2903
What are the prime factors of 1518492?
2, 3, 126541
What are the prime factors of 1349035?
5, 17, 59, 269
List the prime factors of 108277.
13, 8329
List the prime factors of 15625785.
3, 5, 7, 148817
What are the prime factors of 23936551?
1601, 14951
What are the prime factors of 213454?
2, 106727
List the prime factors of 564762.
2, 3, 11, 43, 199
What are the prime factors of 352292?
2, 29, 3037
What are the prime factors of 125012?
2, 31253
What are the prime factors of 216026?
2, 108013
List the prime factors of 2029245.
3, 5, 135283
What are the prime factors of 1471226?
2, 149, 4937
What are the prime factors of 1166194?
2, 59, 9883
List the prime factors of 12087424.
2, 94433
What are the prime factors of 2860280?
2, 5, 23, 3109
What are the prime factors of 48950?
2, 5, 11, 89
What are the prime factors of 6823058?
2, 11, 523, 593
List the prime factors of 4522952.
2, 7, 17, 4751
What are the prime factors of 1338111?
3, 157, 947
What are the prime factors of 2383393?
2383393
What are the prime factors of 2309408?
2, 72169
What are the prime factors of 2295618?
2, 3, 13, 19, 1549
List the prime factors of 4450213.
4450213
List the prime factors of 759432.
2, 3, 31643
List the prime factors of 24904459.
19, 97, 13513
What are the prime factors of 14529642?
2, 3, 19, 127453
What are the prime factors of 1612232?
2, 79, 2551
What are the prime factors of 457713?
3, 50857
List the prime factors of 6156821.
11, 347, 1613
What are the prime factors of 3460791?
3, 1153597
What are the prime factors of 456768?
2, 3, 13, 61
List the prime factors of 7190929.
7190929
List the prime factors of 27921721.
2281, 12241
List the prime factors of 463714.
2, 19, 12203
List the prime factors of 8430761.
2531, 3331
List the prime factors of 370385.
5, 74077
What are the prime factors of 3114694?
2, 11, 31, 4567
List the prime factors of 1145380.
2, 5, 57269
List the prime factors of 1828754.
2, 277, 3301
List the prime factors of 6386421.
3, 113, 18839
List the prime factors of 657737.
137, 4801
List the prime factors of 1652127.
3, 79, 6971
What are the prime factors of 2417061?
3, 805687
List the prime factors of 172788.
2, 3, 7, 11, 17
